c - 5?
352d67
In base 15, what is -c6 + -2ca?
-3a1
In base 7, what is -43115 - -3?
-43112
In base 2, what is -1000101 + -101110110110010?
-101110111110111
In base 9, what is 24235 - 0?
24235
In base 16, what is cb119 - 0?
cb119
In base 4, what is -30 - -211213?
211123
In base 14, what is 1249 - -2?
124b
In base 3, what is 20 - -1202102120?
1202102210
In base 9, what is 5744 + -28?
5715
In base 8, what is -13104 + 151?
-12733
In base 15, what is -269 - -ab?
-1ad
In base 5, what is 1 + 4311001?
4311002
In base 2, what is 10 - -10010001100110110?
10010001100111000
In base 8, what is 523143 + 2?
523145
In base 2, what is 11100110000111 + -11?
11100110000100
In base 16, what is -d204a + -3?
-d204d
In base 14, what is 20bb9 + 4?
20bbd
In base 2, what is -10 - 1111110100111?
-1111110101001
In base 3, what is 111 + 120220?
121101
In base 11, what is 5168 + aa?
5267
In base 2, what is 10010011 - 111110000?
-101011101
In base 8, what is 162 + -13667?
-13505
In base 13, what is 1a - 535?
-518
In base 8, what is -6 + -231702?
-231710
In base 11, what is 14461 + 11?
14472
In base 10, what is -21147 - 0?
-21147
In base 16, what is 56d8 - 9?
56cf
In base 13, what is 1c - 5866?
-5847
In base 9, what is -368424 + -3?
-368427
In base 4, what is -10 - -11033331220?
11033331210
In base 14, what is 36c + -794?
-426
In base 8, what is -62 + 12026?
11744
In base 7, what is 16 - -401?
420
In base 6, what is -2200 + -315?
-2515
In base 16, what is 223 + -88?
19b
In base 16, what is 40 - 4d83?
-4d43
In base 4, what is 1000310202 + -12?
1000310130
In base 10, what is -6 - 3979?
-3985
In base 14, what is 1 - 6376?
-6375
In base 12, what is 1 + -71a5?
-71a4
In base 5, what is 10 + -22310041?
-22310031
In base 16, what is -2d - 6b2?
-6df
In base 11, what is 3 - 33004?
-33001
In base 11, what is -3840 - -5?
-3836
In base 11, what is -874104 + -5?
-874109
In base 11, what is 25 - -41908?
41932
In base 10, what is -210142 + -4?
-210146
In base 11, what is -4370 + 3a?
-4331
In base 3, what is -1 + 1200210002?
1200210001
In base 2, what is -101011011 + 0?
-101011011
In base 15, what is -8 - 1435?
-143d
In base 6, what is 2304 - 4115?
-1411
In base 15, what is -3c - 1104?
-1141
In base 15, what is -5 + -1494?
-1499
In base 15, what is -1 - -162ae?
162ad
In base 9, what is -102 + 6024?
5822
In base 4, what is 2 - -130203?
130211
In base 11, what is 21142 + -7?
21136
In base 13, what is -136 + cc5?
b8c
In base 4, what is 100103130130 + -10?
100103130120
In base 11, what is 1 - 6931?
-6930
In base 15, what is 4a5cea - -2?
4a5cec
In base 15, what is -5a - 8333?
-838d
In base 3, what is 2 + -1211220010?
-1211220001
In base 7, what is -135 + 32633?
32465
In base 13, what is 3 + 2c7bc6?
2c7bc9
In base 6, what is -300 - 2252?
-2552
In base 8, what is -11 + 355730?
355717
In base 9, what is 340 + -707?
-357
In base 7, what is 11 + -12001?
-11660
In base 12, what is 1 - -4099b0?
4099b1
In base 3, what is 111112202001 - -12?
111112202020
In base 15, what is c - -b0e?
b1b
In base 2, what is 110010 + 101001010?
101111100
In base 10, what is -14744 - -50?
-14694
In base 7, what is 30 + 200603?
200633
In base 5, what is 2440104221 - 10?
2440104211
In base 11, what is -112660 - 4?
-112664
In base 11, what is 0 - 3819?
-3819
In base 8, what is 3740340 + -5?
3740333
In base 14, what is 5 - 69c1?
-69ba
In base 9, what is 243756 - -6?
243763
In base 2, what is 1111100001111 + -11010?
1111011110101
In base 2, what is -11 + 11011010001101?
11011010001010
In base 13, what is 19 - 2795?
-2779
In base 3, what is -100 - -22100202?
22100102
In base 9, what is 4 - -475460?
475464
In base 12, what is 6280 - 11?
626b
In base 9, what is -767445 - -5?
-767440
In base 13, what is -cb + -b4?
-1b2
In base 5, what is 24313 + 104?
24422
In base 7, what is 300 - 106165?
-105565
In base 9, what is -823718 + 1?
-823717
In base 8, what is -2346620 - 0?
-2346620
In base 16, what is 4638f - 3?
4638c
In base 7, what is 2551 + -21244?
-15363
In base 9, what is 4576 - -17?
4604
In base 13, what is -6 - a18?
-a21
In base 4, what is -112 - 203322?
-210100
In base 16, what is -8 - -6074?
606c
In base 11, what is -8a206 + -4?
-8a20a
In base 16, what is -7e0de + -4?
-7e0e2
In base 14, what is -840d + 99?
-8354
In base 11, what is 13a9 + -17?
1392
In base 12, what is -a9b + -27?
-b06
In base 3, what is -10221 - -2221?
-1000
In base 11, what is -6 - 3292?
-3298
In base 14, what is 104 - 61?
83
In base 14, what is 1 - -5130?
5131
In base 7, what is 2554222 + 3?
2554225
In base 16, what is 19e + -178?
26
In base 4, what is -30122 - 21?
-30203
In base 4, what is 11 + 1222122333?
1222123010
In base 11, what is -139 - -665?
527
In base 7, what is 345 - 53?
262
In base 8, what is 4 - 44276?
-44272
In base 16, what is -2bd2 + -2?
-2bd4
In base 14, what is 0 - -1d562?
1d562
In base 4, what is -1 + 21100011?
21100010
In base 7, what is -1 - 63010?
-63011
In base 14, what is -6 - 671a?
-6722
In base 16, what is 2d7 - 4?
2d3
In base 6, what is 30 - -34233?
34303
In base 10, what is 4 - 11650?
-11646
In base 9, what is -1 + -20238?
-20240
In base 3, what is -1020002120 + -121?
-1020010011
In base 2, what is -1000110011 - -100000100?
-100101111
In base 13, what is -a35 - 15?
-a4a
In base 14, what is -173846 + -3?
-173849
In base 15, what is 81 - -7d?
10e
In base 7, what is -135 - 1023?
-1161
In base 4, what is -1031 - 12202?
-13233
In base 8, what is 120 + 3662?
4002
In base 10, what is 284 + -9?
275
In base 3, what is -212 + 1020201200?
1020200211
In base 3, what is 2 - -100112211?
100112220
In base 9, what is -12044 - 5?
-12050
In base 8, what is -45 - -13324?
13257
In base 13, what is -5 + 399076?
399071
In base 12, what is -5a5 + 63?
-542
In base 12, what is -3 - -7a375?
7a372
In base 13, what is -28b23b - 3?
-28b241
In base 16, what is 5 + d539?
d53e
In base 16, what is 11 + 1cb0?
1cc1
In base 13, what is -6b - -11948?
118aa
In base 14, what is -77c + -35?
-7b3
In base 14, what is 6c + -c5?
-57
In base 14, what is -3 - 237303?
-237306
In base 10, what is -585 - -6538?
5953
In base 9, what is -20 + 70764?
70744
In base 2, what is -1 - 1101000011001111?
-1101000011010000
In base 12, what is 4 - -1379?
1381
In base 11, what is 440497 + 3?
44049a
In base 12, what is 0 + 8342?
8342
In base 2, what is -100000101000111010 + 101?
-100000101000110101
In base 10, what is -2851 - -3?
-2848
In base 3, what is 21 + 212212?
220010
In base 10, what is -21141 + 2?
-21139
In base 3, what is -2001221111002 - 10?
-2001221111012
In base 8, what is 750 - -27771?
30741
In base 12, what is -118 - -8?
-110
In base 8, what is -141126 + 5?
-141121
In base 15, what is 3b - -463?
49e
In base 10, what is 8593 + -1?
8592
In base 5, what is 3 + 141000421?
141000424
In base 7, what is -2233120 - -1?
-2233116
In base 2, what is 1000010101 + -1110000?
110100101
In base 9, what is -43 + -7776?
-7830
In base 12, what is -6 + 11490?
11486
In base 8, what is -5043 + 3034?
-2007
In base 9, what is 12886 + -744?
12142
In base 2, what is -10110 + 10101111?
10011001
In base 7, what is -21 - -15421?
15400
In base 2, what is -10010011110000 + -10?
-10010011110010
In base 10, what is 6 - 9972?
-9966
In base 5, what is -4 - -2300032?
2300023
In base 10, what is -33 - 171?
-204
In base 16, what is c + 2de9?
2df5
In base 2, what is 0 - 1101011110110011?
-1101011110110011
In base 5, what is -41433123 + 0?
-41433123
In base 6, what is 5 - -4310101?
4310110
In base 6, what is 5 - -11100411?
11100420
In base 3, what is -10 + -120220121?
-120220201
In base 9, what is -33 + 158612?
158568
In base 8, what is -112213 + 66?
-112125
In base 2, what is 10000110000001001 + -100?
10000110000000101
In base 14, what is -65b + 341?
-31a
In base 6, what is -43 + 1054531?
1054444
In base 4, what is 1120323 + -211?
1120112
In base 14, what is 289 - -2?
28b
In base 7, what is -1105 + 26?
-1046
In base 2, what is 1011111 - -1000001001?
1001101000
In base 3, what is -10 + -1002112011?
-1002112021
In base 15, what is -1 + 4d79?
4d78
In base 8, what is -11 + -213?
-224
In base 6, what is 12 - 3201242?
-3201230
In base 14, what is 65507 + -5?
65502
In base 10, what is -4 + 236895?
236891
In base 5, what is 2424112 - -3?
2424120
In base 7, what is 2444015 + -15?
2444000
In base 2, what is -11101110110100 +